w. What is the highest common divisor of w and 3081?
39
Suppose 5*v = -3*s - s + 358, -v + 89 = -5*s. What is the greatest common factor of v and 1517?
37
Suppose -95*k + 3422 = -1328. What is the greatest common divisor of 3590 and k?
10
Let k be 3/(-6 + 3237/533). Let h = -8 + 377. What is the greatest common factor of k and h?
41
Let f = 612 + -609. Suppose -719 = -f*x + 469. Calculate the greatest common factor of 44 and x.
44
Let b(v) = 9*v + 758. Let z be b(-32). What is the greatest common divisor of 1786 and z?
94
Let i(r) = -3 + 90*r - 85*r + 104*r**2 + 155*r**2. Let j(u) = u**2 - 4*u - 4. Let o be j(5). Let v be i(o). Calculate the greatest common factor of 29 and v.
29
Suppose 36 = -4*f - 4*q, -2*f + 0*f = q + 18. Suppose -6 = 2*a - 32. Let j be (3 + f)*a/(-1). What is the greatest common factor of 13 and j?
13
Let f(q) = -13*q + 11. Let u be f(0). Let c = 1 - -5. Suppose 0 = j - c - 5. What is the highest common factor of u and j?
11
Let c = -4 - -16. Let b be 9/2 + (42/(-12))/7. Let g be 525/b - (-60)/80. What is the greatest common factor of c and g?
12
Suppose -706 = -12*u + 1454. Let y be 0/5 + 2*39 + -3. Calculate the highest common factor of y and u.
15
Let l(s) = -2*s + 27. Let t be l(7). Suppose -5*m + 120 = 4*r, -16*r + 3*m + 117 = -t*r. Calculate the greatest common factor of r and 15.
5
Suppose 0 = 5*s + 5*p + 385, -381 = 4*s + s + p. Let c = 141 + s. What is the greatest common divisor of 650 and c?
65
Suppose -72 = 7*f - 8*f. Let y be (-1 - -2)/((-9)/f). Let x be (-5 + (-39)/(-6))*y/(-3). Calculate the highest common factor of 10 and x.
2
Suppose 6*f + 3 = 63. Suppose -7*x = -f*x + 24. Suppose -100 = -2*z - 3*z. Calculate the greatest common factor of x and z.
4
Suppose 4*n + 526 = c + 446, -5*n = -3*c + 247. What is the highest common divisor of c and 826?
14
Let c be 987 + 2/(4/(-10)). Calculate the highest common divisor of c and 2.
2
Let d(v) = -v**3 + 110*v**2 - 1657*v + 161. Let p be d(92). Let g be 1/2 + (-37)/(-2). Suppose -g = -3*b + 50. What is the greatest common divisor of p and b?
23
Let l(k) = 22*k**3 - k**2 + 13*k + 5. Let j be l(4). What is the greatest common factor of 27 and j?
9
Let h(c) = c + 18. Let a be h(-16). Suppose a*b = 153 + 87. Calculate the highest common divisor of 150 and b.
30
Let d be (-3)/(1 + 672/(-654)). Suppose -117*i + 16 = -d*i. Calculate the greatest common factor of 162 and i.
2
Let v(t) = -14*t + 4 + 15*t + 4. Let g be v(-10). Let q be g/(-11) + 15820/110. What is the highest common divisor of 36 and q?
36
Let m(i) = 8*i - 54. Let c = -84 + 108. Let v be m(c). Calculate the greatest common factor of v and 6.
6
Let o be 217/(-434) - 18633*(-2)/4. What is the highest common factor of 17 and o?
17
Suppose -38 = q - 44, 5*q + 240 = 5*b. What is the greatest common factor of b and 990?
18
Let l = -3553 + 3980. What is the greatest common divisor of 112 and l?
7
Let b(h) = 46*h**3 - 183*h**2 + 7*h - 25. Let g be b(4). Let m = -65 - -103. What is the highest common divisor of m and g?
19
Suppose -410 = 7*o + 101. Let d = o + 87. What is the highest common divisor of 28 and d?
14
Suppose 491 - 1373 = -3*c. Suppose -8*u = 70 - c. Let n be -3 + (-135)/((-9)/3). What is the greatest common factor of u and n?
14
Suppose 24 + 29 - 161 = -4*f. Calculate the greatest common factor of f and 7344.
27
Let j(p) = p**3 + 4*p**2 - 7*p - 6. Let b be j(-5). Let i be 234 + 12/(-16)*-4. Let k = i - 229. Calculate the highest common divisor of b and k.
4
Suppose 4*b = 41*j - 38*j - 5550, 3*j - 5550 = 2*b. Calculate the highest common factor of j and 250.
50
Suppose -624 = 4*j + 268. Let t = 340 + j. What is the highest common divisor of 27 and t?
9
Suppose 1200 - 264 = 131*z + 337*z. What is the highest common divisor of z and 8578?
2
Suppose -5*l = -5*y + 295, l + 227 = y + 3*y. Let k = 272 - y. What is the highest common factor of k and 27?
27
Let f = 11130 + -9440. What is the greatest common factor of 182 and f?
26
Let s be ((-51)/4)/((-5)/4320*2). Calculate the highest common divisor of s and 68.
68
Suppose 7*i = 14*i - 7980. Let h be (4/(-6))/((-38)/i). Calculate the highest common factor of h and 15.
5
Let z = -29 - -62. Suppose 3*g - 7*g - 3*n = -516, -g + 116 = 4*n. What is the highest common divisor of z and g?
33
Let k be 188*(56/(-21) + 2 + 5)*3. What is the greatest common divisor of 52 and k?
52
Suppose 4*v - 4 - 8 = 0, 0 = -g + 3*v + 7838. What is the greatest common factor of 57 and g?
19
Let o be 1 + -1 - 81/(-1). Suppose -7*y = 17 - 31. Suppose 2 = -4*g + 2*v + 32, 0 = -y*g - 3*v + 27. Calculate the highest common divisor of o and g.
9
Let a = -1618 - -1640. Let n be -3 + 377 - (-8 - -8). Calculate the highest common divisor of a and n.
22
Suppose 3*h - i = 4689 - 806, -6505 = -5*h - 5*i. Calculate the highest common factor of 16 and h.
16
Let z = 11253 - 11243. Let b be ((-6)/(-5))/(9/30). What is the highest common divisor of b and z?
2
Suppose -3297*j + 3293*j + 515 = -3*x, -j + 4*x + 132 = 0. Calculate the greatest common factor of j and 224.
32
Let g(b) = 2600*b**2 + 14*b + 6. Let p be g(-1). Calculate the highest common factor of 12 and p.
12
Let h = 5023 + -1006. What is the greatest common divisor of 78 and h?
39
Let x be 4 + -6 + 0 + 13. Suppose -389 = -p - 5*q, -3*q + 5 - x = 0. What is the highest common factor of p and 19?
19
Suppose -544 = -518*s + 514*s. Let h be 64/(-3)*6*1. Let f = s + h. What is the greatest common factor of f and 72?
8
Let m(y) = 31*y**2 - 113*y - 949. Let t be m(-8). Calculate the greatest common divisor of t and 7.
7
Let y be 18 + (-600)/33 - 7746/(-11). Calculate the greatest common factor of 192 and y.
64
Suppose -9 = -3*o - 5*u, -4*o - o - 4*u = -15. Suppose 0 = 3*w - 3, -o*w + 2*w + 11 = x. Calculate the greatest common divisor of 16 and x.
2
Let u be (-12)/(-2) + (-1 - 2). Suppose -4 = -z + u. Let p be 11 + 2 + -18 - -12. What is the greatest common divisor of z and p?
7
Suppose -67*i = -61*i + 810. Let g = 320 + i. Calculate the greatest common divisor of g and 37.
37
Let m = -885 + 470. Let k = -412 - m. Let n be (5/(-2))/((-4)/24). Calculate the greatest common factor of n and k.
3
Let u = 217 - 150. Let y = 79 - u. Let i(b) = -3*b - 36. Let c be i(-22). Calculate the highest common divisor of c and y.
6
Let i(l) = l**3 - 19*l**2 - 16*l - 44. Let k be (32/(-20))/(4/100*-2). Let o be i(k). Calculate the greatest common divisor of o and 12.
12
Suppose -2*a + 2*k = 3265 - 12353, 5*k - 18230 = -4*a. Calculate the greatest common divisor of a and 35.
35
Let u = -93 - -98. Let k(g) = -2*g**3 + 12*g**2 - 5. Let i be k(u). What is the greatest common divisor of i and 15?
15
Suppose 0 = 5*k - 3*a + 4*a + 14, -4*k = -a + 13. Suppose 204 = 8*w - 196. Let d be (w/(-4))/(k/6). What is the greatest common divisor of d and 100?
25
Let g = 70 + 10. Suppose m = -0*m + 7. Let n(d) = -d**2 + 8*d + 1. Let j be n(m). What is the highest common factor of g and j?
8
Let h be 1 - 11 - 58/(-1). What is the greatest common divisor of 330 and h?
6
Let h(c) = -35*c - 1344. Let m be h(-40). What is the highest common divisor of m and 5292?
28
Let d be 51/15 - ((-207)/45 + 6). Let v = 10 - -7. Suppose -15*o - 14 = -v*o. What is the greatest common factor of o and d?
1
Let j be (-2)/(-8) + (-158)/(-8). Suppose 2*y = 2*h + 494, 0 = -5*y - 4*h + 431 + 921. Calculate the highest common divisor of j and y.
20
Let t(i) = -17 - 17 + 43*i - 2*i**2 + 26*i + 57 - 2. Let a be t(33). What is the greatest common factor of a and 330?
30
Let f be 1 - (-11 + 2) - 2. Suppose 3*s = 4*c - 248, -3*s + 20 + 12 = c. Calculate the greatest common factor of c and f.
8
Suppose -127*b + 129*b = 5*i + 1139, -5*b + 2774 = -2*i. What is the highest common factor of 120 and b?
24
Let w(i) = 38*i - 1324. Let a be w(38). Calculate the highest common factor of 2100 and a.
60
Suppose -4*j - 24*k + 19*k + 108 = 0, 30 = j + 2*k. Let b be -66*(((-9)/6 - -1) + 0). Calculate the highest common factor of j and b.
11
Let z = -85 + 91. Let k be (3/z)/((90/(-10))/(-432)). Suppose 0 = r - 89 - 43. What is the greatest common factor of r and k?
12
Let v be 2/5 - 2560624/(-440). What is the greatest common factor of v and 60?
60
Let t(y) = 27*y**2 + 1068*y - 1067. Let d be t(1). What is the greatest common div